 be 1/2 + 105/6. Let o(h) = 6 + 10*h**3 - r*h**2 + 7*h**2 + 17*h - 12*h**3. What is the tens digit of o(-7)?
3
Let v be (3 - 1)/(-2)*-11. Suppose -v = -2*q - 3. Suppose 21 = -q*s + 5*l, s + 22 = -2*s + 5*l. What is the units digit of s?
1
Let g = -62 + 49. Let p(u) = -4*u - 13. Let b be p(g). Suppose -38 = -l + b. What is the tens digit of l?
7
Suppose -3*n + 9*y - 9997 = 4*y, 4*n - 2*y + 13334 = 0. Let j = -2275 - n. What is the hundreds digit of j?
0
Let y(x) = -x**2 - 6*x + 39. Let g be y(-10). What is the units digit of ((-1273)/57)/(g/18)?
2
Suppose -4*v - 3*y = -26, -17 + 45 = 4*v + 4*y. Suppose -v*m = 4*u - 2*m - 21, 8 = u - 2*m. Suppose -u*k + 16*k = 1040. What is the hundreds digit of k?
1
Suppose -15 = -z - 2*a, -5*a = -4*z + 3*z - 13. Suppose -18*f = -25*f - z. What is the units digit of 5 + -5 - (f + -137)?
8
What is the thousands digit of 1765/(-1059) - 162844/(-6)?
7
Let y = 69393 - 41048. What is the tens digit of y?
4
Suppose -2*i = -10, 696*y + 2*i + 116990 = 698*y. What is the units digit of y?
0
Let y(o) = o**3 - o**2 + 9*o - 11. Let f be y(9). Suppose 0 = 8*d - f + 150. What is the tens digit of d?
7
Suppose -4*z - 1829*r + 1830*r = -166, 3*r - 61 = -z. What is the tens digit of z?
4
What is the thousands digit of (-2370272)/96*2*(-9)/(-12)*-2?
4
Suppose -5*n - l + 11 = 0, -5 = -3*n - l + 2. Suppose 7*a - 6*a + 4*k - 67 = 0, -5*k + 140 = n*a. What is the units digit of a?
5
Suppose -5*l = 8 + 2. Suppose -2*j = -3*y + 23, 2*j - 5*j = y + 7. What is the units digit of l*(-2)/j + 67?
6
Let s(d) = 5*d**3 - 6*d. Let w be s(2). Suppose -w = -3*b + 2*k, -2*b = -6*b - 4*k + 4. Suppose -2*t - 248 = -b*t. What is the tens digit of t?
6
Let o(t) = 4*t + 14. Let v be o(-3). Let s be (7/(-14))/(v/(-24)). Let q = 10 + s. What is the tens digit of q?
1
What is the thousands digit of 3 - (209*693/(-21) + (1 - -3))?
6
Suppose -5*s = -3*t + 12, -4*s - 3*t + 20 = 2*t. Suppose 6*w - 12 = -s*w. What is the tens digit of 426/9*(w + 4/(-8))?
7
Let j be -11 - (-2 + (-8)/4). What is the units digit of (-97)/((-3 - j) + -5)?
7
What is the hundreds digit of (-88)/(-22) + -5 + 2 + -1 + 19526?
5
Let l(n) = -n + 11. Let d be l(8). Let m be (44/33)/(2/d). Suppose -89 = -s + h, m*s - 267 = -s - 4*h. What is the units digit of s?
9
Suppose 15522 = 17*v + 3027. What is the tens digit of v?
3
Let a be 162/(-891) + 92/22. What is the units digit of a/(-6) + (8926/6 - -3)?
0
Let p(k) = -8*k - 19. Let m(c) = 16*c + 37. Let n(r) = 6*m(r) + 11*p(r). Let v = 154 - 151. What is the tens digit of n(v)?
3
Let u = 78578 + -47601. What is the thousands digit of u?
0
Suppose -3*g - 12*g = -20625. Suppose -p - g = -5*t, t + p - 266 = 3*p. What is the hundreds digit of t?
2
Let t = -108 - -201. Suppose -j + 4*q + 565 = t, -919 = -2*j + 3*q. What is the tens digit of j?
5
Suppose 2*w - 4*j = 3*w - 17, 0 = 5*j - 10. What is the tens digit of (3 - w/5)*330/3?
3
Let a(i) = 73*i**2 + 2*i - 2. Let c(d) = -3*d. Let k be c(4). Let m(y) = -2*y - 23. Let w be m(k). What is the tens digit of a(w)?
7
Let s be -79*2/(-6)*3. Suppose -9*z = 18*z + 4563. Let p = s - z. What is the tens digit of p?
4
Let p = 475 + -942. Let x = 839 + p. What is the hundreds digit of x?
3
Let v be (-6)/4 - (0 + 1113/(-14)). Suppose -p = -95 + v. Suppose 451 - p = 2*h. What is the hundreds digit of h?
2
Let c be -26 - (-2 + -3 + 4). Let y be c/3*(-1 + -2). What is the hundreds digit of (-884)/(-6) - -1 - y/75?
1
Let d(x) = -x**3 - 85*x**2 - 130*x - 89. What is the hundreds digit of d(-87)?
3
Let w = 123 - 119. Suppose -3*n + 1139 = 2*o - 8*n, 5*o - w*n - 2890 = 0. Suppose 2*p + o = 5*v - 503, -3*p = 3*v - 651. What is the hundreds digit of v?
2
Suppose 3*o = -o + 4*v + 52, 22 = o + 2*v. Suppose -3*p - 4 = -u, 4*u + 0 = o. What is the hundreds digit of -235*(p + (-9)/15)?
1
Let i = 177 + 1203. What is the thousands digit of i?
1
Let v = 44 - 49. Let i be (-2)/v*5*-73. Let p = 208 + i. What is the units digit of p?
2
Suppose 27*g = 53993 + 154204. What is the tens digit of g?
1
Let m be (-8)/2*(-4 + -6). Suppose 3*h - 7 = 5*h - 5*n, -5*h = -5*n + m. Let y = 33 - h. What is the units digit of y?
4
Let z(h) be the first derivative of -h**4/4 + 8*h**3/3 + 7*h**2/2 - 3*h - 1539. Let b = 13 + -6. What is the tens digit of z(b)?
9
Suppose -2398 - 370 = -16*i. Let h = -136 + i. What is the units digit of h?
7
Suppose 9*h = 47*h + 54*h - 1167756. What is the hundreds digit of h?
6
Let u = 1074 + -1062. Suppose 0 = 3*m - 2*c + 12, 0 = 3*m - 2*m + 2*c + 12. What is the tens digit of 2/((-4)/(-89)) + m/u?
4
Let u be -1 - -6 - 6 - -73. Let n = 432 - u. What is the tens digit of n?
6
Suppose 23*y - 12*y - 17*y = -184722. What is the hundreds digit of y?
7
Let s(d) = -d**3 - 5*d**2 + d + 6. Let f = 89 + -94. Let k be s(f). Let g(y) = 219*y - 1. What is the units digit of g(k)?
8
Let j = -1697 - -3604. Let k = j + -1276. What is the tens digit of k?
3
Let g = 2 - 1. Let r be (g - 3)/(14/105). Let p = 37 + r. What is the units digit of p?
2
Let k = 48 + -39. Suppose k*a - 11 - 7 = 0. Suppose a*i - 183 = 69. What is the tens digit of i?
2
Suppose -3*r + 2*j + 40 = -21, -5*r - 2*j + 75 = 0. What is the tens digit of (-44)/(-374) + 3347/r?
9
Suppose -2*i + 3 = -i, -2*f - 24767 = -5*i. What is the hundreds digit of (3 - -1)/((-112)/f)?
4
Let g(d) = d**3 - 29*d**2 + 18*d + 465. What is the tens digit of g(28)?
8
Let r(i) = i**3 - 7*i**2 + 11*i - 1. Let f be r(5). Suppose w - 207 = f*o + 424, 4*o = 2*w - 1258. What is the units digit of w?
7
Let t = 1342 - 921. Let n(o) = o**2 - 2*o - 3. Let y be n(-2). Suppose -y*a = -t + 16. What is the units digit of a?
1
Let h be (-1203)/(-21) + 4/(-14). Let c = -486 + 495. Suppose c + h = k. What is the units digit of k?
6
Let o(b) = -70*b + 2092. What is the units digit of o(-77)?
2
Suppose 125277 = 5*x + 3*z - 56561, 2*z = -5*x + 181832. What is the tens digit of x?
6
Let q = 50736 - 36157. What is the units digit of q?
9
Suppose -3*y + 2*q + 7735 = 0, -4*q - 2781 = 2*y - 7943. What is the hundreds digit of y?
5
Suppose -4*f + 12007 = 3*a, 0 = 5*a - f - 21105 + 1124. What is the tens digit of a?
9
Let h be 9/((18/(-12))/(-3) - -1). Suppose -h*v = -1041 - 1305. What is the tens digit of v?
9
Suppose 110454 = 27*l - 162084. What is the hundreds digit of l?
0
What is the hundreds digit of (308/3 + -2)*390/20?
9
Suppose -5*k - 27 = 3*m, -3*m - 5 - 16 = 4*k. Let q be 2/k*-6 - -2. Suppose 3*b - 303 = -2*v - 2*v, 4*b = q. What is the tens digit of v?
7
Let t = -4296 - -7294. What is the tens digit of t?
9
What is the hundreds digit of ((1049 + 0)*9)/((-606)/(-808))?
5
Let c = 33038 + -12853. What is the hundreds digit of c?
1
Suppose 3*a - 5*l = 164, 0*a - l = 2*a - 92. Let h be ((-3)/2)/(a/(-1984)). Let v = h + -49. What is the units digit of v?
3
Suppose 0 = 35*y - 39*y + 3772. What is the hundreds digit of 30/(-3) + 8 + 1*y?
9
Suppose -15*f - 1903 = 2192. Let p = f - -678. What is the hundreds digit of p?
4
Let i(j) = -373*j - 6250. Let f be i(-16). Suppose 0 = 4*m - 3131 + 963. Let z = m + f. What is the units digit of z?
0
Let d = 76 + -52. Suppose -3*k - 6*w + 42 = -w, 2*k - d = -2*w. Let u(j) = 2*j**2 - 10*j + 6. What is the units digit of u(k)?
8
Suppose -36097*o - 27692 = -36099*o. What is the units digit of o?
6
Suppose s - 7*f + 3*f - 7627 = 0, 15242 = 2*s - 5*f. What is the hundreds digit of s?
6
Let h be 4/38 + 12/(-114). Let n be 9 + -18 + (h - -3) + -3. What is the tens digit of (-6 - n)*31*1?
9
Let d = -11015 + 15437. What is the hundreds digit of d?
4
Suppose 5*o - 4*b - 9 = -4, 5*o + b = 30. Suppose 2*p - 5*v = 264, 136 = -5*p + o*v + 781. Suppose 3*i - 5*d + p = 5*i, -d = -5. What is the tens digit of i?
5
Let p = 354 + -368. What is the units digit of 9/(63/(-2)) + (-368)/p?
6
Let t(o) be the third derivative of 0 - 1/3*o**3 + 0*o + 20*o**2 + 15/4*o**4. What is the tens digit of t(1)?
8
Let y be 24/3 - (-7)/((-28)/(-8)). Suppose -y*a + 7*a = -534. Suppose -6*h - a = -940. What is the tens digit of h?
2
Suppose -5*x - 21 = -111. What is the hundreds digit of x/(1 - 3) + 285?
2
Suppose 0 = -55*z + 59*z - 48. Suppose -5*p + 0 + 20 = -4*r, 2*r + 10 = 3*p. Suppose 7*m - m - z = p. What is the units digit of m?
2
Let c = -232 - -395. Suppose 0 = 5*k - c - 137. Suppose k = 6*h - 